ate the highest common factor of 95 and l.
19
Let l = -17 - -20. Suppose -96 - 354 = -l*f. Suppose 20 = 6*u - 70. Calculate the highest common divisor of f and u.
15
Suppose 2*k = -2*j + 50, -5*k - 2*j = 37 - 150. Suppose o = k - 18. Calculate the greatest common divisor of o and 12.
3
Let n be (-142 - -7)*3*5/(-15). What is the highest common factor of 1755 and n?
135
Let b(x) = -10*x + 1. Let n be b(-2). Suppose -8*q + 10*q + 444 = 0. Let v be 2*(q/(-20) + 15/(-25)). What is the highest common factor of n and v?
21
Let u be 24/4*65/10. Let d = 15 + u. What is the highest common factor of 27 and d?
27
Suppose 0 = -6*k + 5*k + 10. Let u(y) = y**3 - 8*y**2 - 8*y - 10. Let v be u(k). What is the greatest common factor of 10 and v?
10
Suppose 4*z - 85 = 43. Suppose 209*f = 206*f + 24. Calculate the greatest common divisor of f and z.
8
Let w be ((-226)/4)/((-39)/78). Calculate the greatest common factor of w and 452.
113
Let u = 184 - 177. What is the greatest common factor of 49 and u?
7
Let z be ((-2)/(-6))/(2/12). Suppose -49*u - 170 = -83*u. What is the highest common factor of u and z?
1
Suppose 8022 = 4*w - 6938. Suppose 0 = -o - 4*o + w. Suppose 2*r - 4*u - o = -2*r, -2*u = -r + 185. Calculate the greatest common factor of r and 21.
21
Suppose -5*s - 202 = -27. Let v = -23 - s. Calculate the greatest common divisor of v and 12.
12
Let q be ((-74)/(-20)*6)/(15/75). Calculate the highest common divisor of 259 and q.
37
Let o be (-6 + 3)*(0 - 1). Let r = -1 - -4. Suppose -133 = -4*k - 5*m, -3*k - r*m = -9 - 87. Calculate the highest common divisor of k and o.
3
Let s(w) = 2*w**2 + 18*w + 5. Let q be s(-12). Let f be q/5 + -2 + 32/20. What is the greatest common factor of 120 and f?
15
Suppose 2*l + 3*l = 1900. Let r = l - 268. What is the highest common divisor of r and 16?
16
Let h(g) = g**2 - 5*g - 86. Let j be h(-11). Calculate the greatest common divisor of 225 and j.
45
Let o(g) = g**2 - 3*g + 3. Let v be o(2). Suppose x + 30 = 6*x. Let s = x - 2. Calculate the greatest common factor of s and v.
1
Let r(z) = -z**3 + 2*z**2 + 7*z + 6. Let u be r(4). Suppose 7*v = u*v + 95. Suppose d + 0*d = 133. Calculate the greatest common divisor of d and v.
19
Suppose 267 + 425 = 4*n. Suppose 3*k + 8*g - 3*g = n, 0 = k + 2*g - 58. Let a be 7*(-1)/((-4)/4). Calculate the greatest common factor of k and a.
7
Let j(g) = -4*g + 2. Let p be j(1). Let f be 0 + p - (-17 - -12). Suppose 2*o + f*d = 5, -3*d = -4*o + 1 + 18. Calculate the greatest common factor of 4 and o.
4
Suppose 0 = -3*q - 175 - 137. Let s = -89 - q. What is the highest common factor of 20 and s?
5
Let y = -403 + 442. What is the highest common factor of y and 741?
39
Suppose k + 0 = 1. Let a be 2 + k - ((-2)/1 + 1). Calculate the highest common divisor of 1 and a.
1
Suppose 4*z = -5*r + 11, -5*r + 5 = 5*z - 5. What is the greatest common factor of 24 and r?
3
Suppose -5*x - 18 + 81 = 3*p, 5*p = 5. Calculate the highest common divisor of x and 300.
12
Let d be (-3)/6 + 13/(-2). Let o = d + 9. Suppose -o*u - 3*u + 165 = 0. What is the highest common divisor of 22 and u?
11
Let z(h) = -25*h - 121. Let m be z(-5). Calculate the highest common divisor of 23 and m.
1
Let s be 10/25 - (-13)/5. Suppose 6*y = s*y. Let w be y + 2 - 1 - -21. Calculate the highest common factor of 2 and w.
2
Let a = 607 + 50. Calculate the highest common divisor of 9 and a.
9
Let p be ((-27)/(-6))/(3/4). Let z(v) = v**3 + 8*v**2 - 5*v + 1. Let k be z(-8). Let s = k + -32. Calculate the greatest common factor of s and p.
3
Let d = -1595 + 1607. Let q be (-41)/(-5) + 4/(-20). What is the highest common factor of q and d?
4
Let i be 6/21 - (-474)/7. Let p = 9 + -17. Let d be (34/p)/(2/(-8)). What is the highest common factor of d and i?
17
Suppose -j - 151 = -2*d, 0 = -j + 2*j - 1. Calculate the greatest common factor of 342 and d.
38
Let n(o) = o**2 + 12*o - 105. Let c be n(6). Calculate the highest common divisor of 174 and c.
3
Let x = 470 + -663. Let m = x + 272. Let c = m + 75. Calculate the highest common factor of 22 and c.
22
Suppose -212 - 61 = -3*s. What is the highest common divisor of 1547 and s?
91
Let q be (-1768 - 8)/(-8)*(-9)/(-6). Calculate the highest common factor of 444 and q.
111
Suppose 412 = 3*j + 286. Calculate the highest common divisor of j and 147.
21
Let f(r) = 15*r + 171. Let p be f(-11). Calculate the greatest common factor of p and 114.
6
Let v(l) = -14*l + 1. Suppose 4 = -5*r - 1. Let c be v(r). Suppose -2*p + c = a + 5, -a = p - 6. What is the greatest common factor of 4 and p?
4
Let u = -240 - -268. Suppose 2*b + 102 = 4*b - 5*d, 290 = 5*b + 5*d. What is the highest common factor of b and u?
28
Suppose -4*b + 3*v + 27 = 0, 2*b = 3*v - 0*v + 15. Suppose 12*j - 360 = 10*j. Suppose -b*a + 2*a + j = 0. What is the highest common factor of 5 and a?
5
Suppose 0 = h - 3*h + s + 49, -5*s - 5 = 0. What is the highest common factor of h and 168?
24
Suppose m + 348 = 4*s, -s + 104 = 3*m + m. Suppose -4*i - 2*b + 24 = -i, 4*b + 8 = i. What is the highest common divisor of i and s?
8
Suppose -768 + 288 = -10*b. Suppose 1316 = 4*s + 3*a - 805, 0 = -5*s - 3*a + 2649. What is the highest common divisor of s and b?
48
Let x(v) = v**3 - 4*v**2 - v + 21. Let g be x(6). Calculate the greatest common factor of g and 145.
29
Let x = 12 - 8. Suppose 0*f - x*f = 56. Let i = -8 - f. What is the highest common factor of i and 2?
2
Suppose -3*g + 14 = -d, 3*d + 2 + 5 = 2*g. Suppose 5*f - g*n + 22 - 112 = 0, n = -5. Let s be (-102 + -2)*1*-1. Calculate the highest common factor of f and s.
13
Let j = 187 - 129. Let r(m) = -19*m + 221. Let i be r(4). What is the highest common factor of i and j?
29
Let b(r) = -40*r**3 + 8*r**2 + 12*r + 2. Let c be b(-2). Calculate the greatest common divisor of c and 22.
22
Let v = -256 - -286. Calculate the highest common factor of v and 84.
6
Let u(p) = p**3 + 11*p**2 + 10*p + 5. Let m be u(-10). Suppose -m*a + 24 = -36. Calculate the greatest common divisor of a and 18.
6
Let d = 2 + -30. Let m(n) = 2*n**3 - 4*n**2 + 3*n + 2. Let y be m(3). Let j = y + d. Calculate the greatest common divisor of j and 11.
1
Let t = -55 + 111. Suppose 0 = 13*g - 5*g - t. What is the highest common factor of g and 77?
7
Suppose -q - 6 = -4*q. Let t be (-49)/q*((-12)/7 - 0). Calculate the highest common divisor of 28 and t.
14
Let c be -45 - (1/(-1) - -4). Let b be (c/(-18))/((-4)/(-6)). Calculate the greatest common factor of b and 4.
4
Suppose 0 = -35*o + 34*o + 4*b + 293, -3*b - 1482 = -5*o. What is the highest common factor of 11 and o?
11
Let w(n) = 5*n + 78. Let i be w(-8). Calculate the greatest common factor of 1558 and i.
38
Let d(l) = 16*l**2 + 7*l - 28. Let g be d(5). What is the highest common divisor of g and 11?
11
Suppose -5*o = 0, -4*o - 146 = -4*i + 70. Calculate the highest common factor of 594 and i.
54
Suppose 35*r - 388 - 312 = 0. What is the greatest common factor of r and 216?
4
Let x(r) = r**3 + 6*r**2 - 6*r - 3. Let m = -12 - -6. Let c be x(m). Suppose 0 = -8*f + 11*f - c. What is the greatest common divisor of f and 1?
1
Let m = 860 - 275. What is the greatest common divisor of 65 and m?
65
Let i be 64/((-35)/(-108) - (-2)/(-8)). Calculate the greatest common divisor of 54 and i.
54
Suppose 4*b + 12 = 32. Calculate the greatest common divisor of b and 85.
5
Let o be (-1 + 0)/(6/102). Let b = 32 + o. Calculate the highest common divisor of 30 and b.
15
Let z = -1868 - -1879. Let v = 66 - 11. What is the highest common divisor of z and v?
11
Suppose 14*i - 874 = -314. What is the greatest common factor of i and 90?
10
Suppose -4*w + 3*w + 4*b = 5, 5*w - 11 = 2*b. Let h be (116/3)/(w/9). Let n = h - 4. Calculate the highest common factor of 14 and n.
14
Let p be 1/3 + 12/(-36). Suppose -2*f + 28 = -4*t, p*t = -4*f + 3*t + 31. Let q be (1/f)/(2/40). What is the greatest common divisor of 5 and q?
5
Suppose 11 - 491 = -32*n. Suppose 2*a = 4*a - 120. What is the highest common factor of n and a?
15
Let w(q) = 56*q + 12. Let y be w(3). Suppose 2*r - 72 = r. Calculate the highest common factor of y and r.
36
Let f(w) = -7*w + 126. Let j be f(16). Calculate the highest common divisor of 49 and j.
7
Suppose -185*f + 176*f + 81 = 0. What is the highest common divisor of f and 243